 be the first derivative of 4*s**3/3 - 3*s**2 - 18*s + 272. Give d(-4).
70
Let a = 59 - 44. Suppose a*h - 8*h = -42. Let d(v) = v**3 + 7*v**2 + 4*v - 6. Calculate d(h).
6
Suppose -508 = 6*s - 2008. Suppose 0 = -45*n - 70 + s. Let j(i) = -i**3 + 4*i**2 - i + 3. Give j(n).
-1
Let r(f) = -3 + 9*f + 12 + 5 + f**2. Let i be (-408)/30 + 8 - (-248)/155. Determine r(i).
-6
Let a(f) be the third derivative of f**6/120 - f**5/60 + f**4/24 - f**3/6 - 11*f**2 - f. Let u(m) = -m**3 - 3*m**2 + m - 2. Let i be u(0). What is a(i)?
-15
Suppose 4*q = 2*m - 5 + 3, -15 = 5*q - 5*m. Suppose -28 = -13*l - q. Let s(v) = 77*v - 16 + 3*v**2 - 76*v - 4*v**l. What is s(0)?
-16
Suppose 0 = w - 2*w + 4. Let i(x) = -7829*x**2 + 2 - 5*x + x**3 + 3914*x**2 + 4 - 1 + 3914*x**2. Calculate i(w).
33
Let l be ((-70)/(-55) + -1)/(52/286). Let f(q) be the second derivative of -1/2*q**3 + 8*q + l*q**2 + 0. Determine f(2).
-3
Let u(k) = k**2 + 5*k - 2. Let n(g) = -6*g**3 - 5*g**2 - 3*g. Let p be n(-3). Suppose 5*s + 625 = -5*x, 0 = 122*s - 123*s - 4*x - 113. Let z = s + p. Give u(z).
-8
Let b be (-21 - -23)*(-19)/(-38). Let y(u) = -70*u**2 + 5*u - 5. Determine y(b).
-70
Let m(t) = 10*t - 1. Let d(c) = 5*c**2 + 12*c + 3. Suppose 2*l + 48 = 44. Let f be d(l). Determine m(f).
-11
Let g(v) = 3*v - 5. Let a be g(3). Let n(b) = a*b - 3*b + 4 + b + 4 + 6*b + b**2. Calculate n(-6).
-4
Let x(j) = 4*j**3 + 2*j + 2. Let c = -10 + 8. Let d be x(c). Let g be (-187)/d - (-2)/(-4). Let a(k) = -k**2 + 3*k + 4. What is a(g)?
-6
Let z(p) = p**3 + 9*p**2 + 10*p + 18. Suppose -8*k - k + 153 = 0. Suppose -k*i - 172 = -36. Give z(i).
2
Let a(h) be the third derivative of -h**7/2520 - h**6/720 - 7*h**5/60 + 17*h**4/6 - 108*h**2. Let y(c) be the second derivative of a(c). What is y(0)?
-14
Let w(b) = -7*b**2 - 69*b + 16. Suppose 7*t = 2*u - 84, -3*u - 37 = 3*t - 4*u. Give w(t).
6
Let d(s) = -6*s + 2*s + 74 - 3*s + 0 + 3*s. Determine d(16).
10
Let d(z) = -13*z + 32. Let o(g) = g - 5. Let v(c) = 3*c - 22. Let p(n) = -9*o(n) + 2*v(n). Let i(a) = -d(a) + 5*p(a). Calculate i(-14).
1
Let d(p) = -39 + 50 + 8*p**3 - 5*p**2 - 2*p**3 - 45*p - 2*p**2 - 5*p**3. What is d(11)?
0
Let o(z) = 17*z**3 - 4*z**2 - 33*z + 21. Let i(l) = -19*l**3 + 4*l**2 + 37*l - 22. Let y(n) = 8*i(n) + 9*o(n). Calculate y(4).
9
Let i = -646 - -650. Let v(m) = i - 40*m - 3*m**2 - 2*m**2 + 4*m**2 + 6 + 45*m. What is v(7)?
-4
Let d(o) = -4*o + 70. Let f(q) = 22*q - 534. Let j be f(25). Determine d(j).
6
Suppose -4*r + 36 = 16. Suppose -z + 4*m + 8 = 3*z, -3*z - 4 = -r*m. Let v(i) = -i**2 + 7*i + 17. Give v(z).
17
Let q = -5 + -1. Let t(u) = 4*u**2 - 866*u - 3*u**2 + 435*u + 438*u + 7. Give t(q).
1
Let a(t) be the second derivative of t**4/6 - t**3/3 + 2*t**2 - 555*t - 1. Calculate a(-2).
16
Let p(k) = 21*k**3. Let c(n) = 10*n**2 - 21*n. Let m be c(6). Let o = m - 235. Determine p(o).
-21
Let x(t) = -6*t**3 - 3*t**2 + 4*t + 1. Let v be x(-3). Let q = -106 + v. Let j(g) = -5 + q*g**2 - 6*g - 28*g**2 + 9*g**2. What is j(-4)?
3
Let y(o) be the second derivative of -26*o**4/3 + o**3/6 - o**2 + 2617*o - 1. Determine y(1).
-105
Let k(n) = -n**3 - 9*n**2 + 6*n - 37. Suppose 43*t - 40*t + 310 = -28*t. What is k(t)?
3
Let k(l) = -2*l**2 + 10*l**2 - 6*l - 5 - 11*l**2 - 3*l**2. Let u(j) = 7*j**2 + 7*j + 6. Let y(v) = -6*k(v) - 5*u(v). What is y(1)?
2
Let a(w) = 10*w + 5. Let b(m) = 7*m + 3. Let p(r) = -5*a(r) + 7*b(r). Suppose k - h = -12, 5*k - 284*h = -281*h - 46. Determine p(k).
1
Suppose 3*j = 5*n + 455, 0 = -4*j - 2*n - 27 + 599. Let c(w) = -j + 146 + 0*w + 0*w + w. Determine c(-6).
-5
Let y(b) = 16*b + 67 - 30 - 56 - b**2 - 14. Calculate y(13).
6
Let b(w) = -w**3 - 9*w**2 - 3*w - 4. Suppose 2*c + 3*v - 2*v - 588 = 0, -c - 3*v = -299. Let i = c + -302. Give b(i).
23
Suppose -5*v - 1221 = -146. Let q = v - -213. Let m(l) = 0 - 4 + l + 2. What is m(q)?
-4
Suppose -7 + 14 = q. Let o be 12/(-15) + (-2)/(40/(-196)). Let p(j) = j**3 - 6 + o*j + 0*j - 8*j**2 + 0*j**2. Calculate p(q).
8
Let h = 9615 - 9619. Let s(k) = -k**2 + 14. Determine s(h).
-2
Let b = -8209 + 26033. Let y(i) = -b*i + 5 + 8 + 17822*i. Determine y(12).
-11
Let r(d) = -d**2 + 13*d + 20. Let u(m) = m + 17. Let s(x) = r(x) - u(x). Give s(12).
3
Let b be (2 - 1/1)*-1. Let u(s) be the third derivative of -1/6*s**5 + 70*s**2 + 0 + 1/24*s**4 + 0*s**3 + 0*s. Determine u(b).
-11
Let d be -4*(1/(-4))/(1/2). Suppose -d*i - 6 = 0, 2*v + i + 8 = v. Let o(z) be the second derivative of -z**4/12 - z**3 + 5*z**2/2 + z. What is o(v)?
10
Let p(s) be the first derivative of -s**4/4 - 4*s**3/3 + 15*s**2/2 + 29*s + 859. What is p(-6)?
11
Let d = -62 - -63. Suppose a = 3*p + 13, a + 3*a - d = -5*p. Let u(b) = -2 - 3*b + 4 + 5*b**2 + 1 - b**3. Give u(a).
7
Suppose 79*r = 103*r + 144. Let n(v) = -8*v - 47. Give n(r).
1
Let c(r) be the third derivative of -r**6/120 + 2*r**5/5 - r**4 + 26*r**3/3 + 6*r**2 + 4*r + 1. Determine c(23).
29
Suppose 4*a - m = -86, 42*m - 66 = 3*a + 41*m. Let t(o) = -o**3 - 21*o**2 - 21*o - 16. Give t(a).
4
Suppose -5*d = -30*z + 32*z - 112, -5*d = 3*z - 113. Let g(w) = 3*w**2 - 70*w + 88. Calculate g(d).
0
Let s = -14975 - -14968. Let a(w) be the first derivative of w**5/60 + w**4/12 - w**3 + 5. Let c(z) be the third derivative of a(z). Determine c(s).
-12
Let h(t) = 4*t**2 + 15*t + 5. Let f be (-84)/15 + (24/(-110) - (-16)/(-88)). Calculate h(f).
59
Let z(j) be the second derivative of 49*j**3/6 + 227*j**2/2 + j + 40. Determine z(-5).
-18
Let l(z) = -2 + 8*z + 2 + 1. Let o be 84*(-1)/(-8)*6 - 2. Suppose -4 = 57*u - o*u. Give l(u).
9
Let b(t) be the first derivative of t**4 - 8*t**3 + 19*t**2/2 - 13*t + 91. Let k(o) = -o**3 + 6*o**2 - 5*o + 3. Let n(i) = -2*b(i) - 9*k(i). What is n(5)?
9
Let j(s) be the second derivative of -s**5/20 + 2*s**4/3 - 17*s**3/6 + 63*s**2 - 2*s + 490. Calculate j(8).
-10
Let j(u) = -u**3 - 25*u - 10108 - 5*u**2 - 10103 + 2*u**3 + 20218. Determine j(8).
-1
Let f be 8 + 12 + -9 + (-228)/12. Let m(g) = 3*g + 32. Calculate m(f).
8
Let j(y) = 29*y**2 + 3*y - 21617405 + 39*y**2 - y**3 + 21617206. Give j(68).
5
Let y(k) be the first derivative of -k**4/4 + 2*k**3 + 2*k - 334. Let b = -184 + 187. Calculate y(b).
29
Suppose 38*x - 620 = -24*x. Let u be -6 + ((-98)/21)/(x/(-15)). Let s(k) = k**3 - 2*k**2 + 4*k - 3. What is s(u)?
0
Suppose -431*b + 359*b = 2232. Let m(g) = 25*g + 773. Determine m(b).
-2
Let i = -172 - -272. Let s = -93 + i. Let n(w) = 0*w + 2*w + 3*w - 3*w + s. Determine n(-5).
-3
Let v(l) = l**3 + 5*l**2 - l. Let d = -610 + 610. Let x(c) = -27*c - 5. Let u be x(d). Give v(u).
5
Let u(c) = -c**2 + 10*c - 8. Suppose -9*p = -11*p + 96. Suppose 2*t - p = -2*t. Suppose -n - 3*n + 26 = 2*g, -3*g + t = -3*n. What is u(g)?
13
Let n(s) = s**2 - 3*s + 1. Suppose -2*h - 1624 = -10*h. Suppose -27*r - 41 = -h. Give n(r).
19
Let i(g) = 4 + 5 - 19*g + 21*g - 4*g. Suppose 4*q = -0*q + 8. Let n(c) = c**2 + 2*c - 2. Let k be n(q). What is i(k)?
-3
Let l(a) = -5*a + 125 + a - 121. Suppose -30*i - 60 = 30. Calculate l(i).
16
Let d(k) = -k**2 - 8*k + 6. Let m(t) = -t**2 + 24*t - 52. Let x be (2/6)/((-9)/(-198))*3. Let a be m(x). Determine d(a).
6
Suppose 4*k + k - 5*q = -30, -5*k = -3*q + 42. Let j(w) = -6*w**2 - 8*w - 15. Let f(d) = d**2 - d - 1. Let v(g) = -5*f(g) - j(g). Calculate v(k).
8
Let l(i) = -2*i**2 - 7*i + 123. Let m(y) = -5*y**2 - 22*y + 338. Let n(v) = -11*l(v) + 4*m(v). Let g(p) = 4*p**3 + p**2. Let c be g(1). Give n(c).
-6
Let m(g) = -21*g - 45*g**3 + 2 + 19 + 44*g**3 - 23*g**2. Determine m(-22).
-1
Let z(o) = -o**3 + o**2 + 4*o + 8. Let r be z(3). Let a(m) = 341*m**2 + 7*m - 169*m**r - 171*m**2 + 3. What is a(-6)?
-3
Let o = -18 - -12. Let a(s) = -3*s**3 - 4*s**2 - s - 10. Let w(c) = -16*c**3 - 19*c**2 - 4*c - 52. Let g(k) = 11*a(k) - 2*w(k). What is g(o)?
12
Let f(a) = a + 2. Let u be f(5). Let i be 23/(-7) + 2/u. Let c(p) be the second derivative of -p**5/20 - p**4/12 + p**3/3 + 2*p**2 - 5986*p. Calculate c(i).
16
Let m(b) = 2*b - 4. Let d(k) = -16*k + 3 + 10 - 2*k**2 - 7*k - 2*k - 1. Let x be d(-13). What is m(x)?
-6
Let y(g) = -7 - g - g + 6*g - g**2 + 2. Let k(j) = -11. Let t(v) = 14. Let p(b) = 5*k(b) + 4*t(b). Let c(f) = 6*p(f) + y(f). Determine c(5).
-4
Let f(s) = -9*s - 3. Let w(c) = -c**2 + 8*c**2 - 16*c**2 - 8 + 8*c**2 - 28*c. Let z(b) = -7*f(b